 = o. What is the units digit of w?
1
Let d(k) = k**3 - k**2 + 3*k - 4. Let q be d(2). Let n(o) = 2*o**3 - 7*o**3 - 7*o**2 - 6 + q*o**3. What is the tens digit of n(8)?
5
Suppose -2*s = s. Let x(u) = u**3 + 2*u**2 - u + 6. Let p be x(-3). Suppose q + s*q + i - 27 = p, -2*i = -4. What is the units digit of q?
5
Let a = -33 - -121. Suppose -2*s = -a - 64. Suppose 4*y - 2*y - s = 0. What is the units digit of y?
8
Let k be 3 + (-1)/((-1)/(-16)). Let q = -10 - k. Suppose q*b = 3*p, -4*b + 44 = 5*p - 1. What is the units digit of b?
5
Suppose -16 = 4*i, 0 = -3*t + 3*i + 438 - 90. What is the tens digit of t?
1
What is the hundreds digit of -1 - 2/1 - (-157 - -2)?
1
Suppose -4*q - 3*l = -55, -5*q + q = -4*l - 76. Let g be 1/(q/14 + -1). Suppose g*v - 2*v = 180. What is the units digit of v?
6
What is the units digit of -3*((-30842)/(-3))/(-14)?
3
Let x(n) = -n**3 + 24*n**2 + 33*n - 13. Let p be x(25). Suppose y = -5*s + 177 + 283, 2*s - p = -y. What is the units digit of s?
1
Suppose -3*l - 15 = 0, -d - 4*l + 3*l = -142. What is the units digit of d?
7
Let h(b) = -7*b - 18. Let q(a) = 8*a + 19. Let p(j) = 6*h(j) + 5*q(j). What is the units digit of p(-7)?
1
Let p be 0 + 1 + 4 + -1. Suppose -p*r = -0*r - 8. Suppose -96 = -4*q - 3*s + 6*s, r*s = q - 29. What is the units digit of q?
1
Suppose 2*d + 3*a - 15 = 0, -2*d - a - 5 = -2*a. Suppose -3*k + 17 = 3*p - 8*k, 0 = 2*p + 3*k - 5. Let u = d + p. What is the units digit of u?
4
Let d(n) be the second derivative of 3*n**3/2 - 3*n**2 + n. Let k = -86 + 89. What is the units digit of d(k)?
1
Let b = -365 - -570. What is the hundreds digit of b?
2
Let m(q) = q**3 - 15*q**2 + 29*q - 44. What is the hundreds digit of m(15)?
3
Let b(d) = d**3 - 9*d**2 + 2*d - 16. Let a be b(9). Suppose -7 = -a*p + 1, -l + 195 = 4*p. What is the units digit of l?
9
Suppose 8*p + 121 = 9*p. Let i = 184 - p. What is the tens digit of i?
6
Suppose 0 = -0*t + 5*t + 5. Let j = 5 + t. Suppose j*a - 72 = -4. What is the tens digit of a?
1
Suppose -1158 = -b - 18. Suppose -30*n = -25*n - b. What is the units digit of n?
8
Let f = 9 + -16. What is the tens digit of (-590)/f - (-4)/(-14)?
8
Let k be (-4060)/(-15) - (-2)/(-3). Let s = k + -131. What is the tens digit of s?
3
Let c(k) = -2*k**2 + k + 5. Let i be c(-10). Let r = i - -352. Suppose 5*w = 2*n - 0*w - 41, -4*n + r = 3*w. What is the units digit of n?
3
Suppose -3*w + 74 = -2*l + w, -4*w + 164 = -4*l. Let d = -36 - l. What is the units digit of d?
9
Suppose 5*t + 2*m - 10745 = 14745, -4*t = m - 20389. What is the tens digit of t?
9
Suppose 0 = -5*i, -z + 2*i = 2 - 4. Suppose -f + z - 6 = 3*a, 28 = 4*f + a. What is the units digit of -10 + f - (-11 + 1)?
8
Suppose 3*z - 111 = 663. What is the units digit of z?
8
Suppose 0*j + 56 = 4*j. Let y be (-40)/(-7) - j/(-49). Suppose 0 = -y*u + 2*u + 120. What is the units digit of u?
0
Let n(q) = -6*q + 34. Let z(i) = i**3 + 13*i**2 - i - 23. Let c be z(-13). What is the units digit of n(c)?
4
Suppose -2*p - 48 = -5*p. Suppose -4*t = -5*n + 24, n - 4*t = -2*n + p. What is the units digit of 56/(-21)*(-27)/n?
8
Let r be (42/9 + 0)/((-1)/(-57)). Suppose -249 = -5*l + r. What is the hundreds digit of l?
1
Suppose -1 - 1 = -2*l. Let s be (6/(-4))/((-15)/30). Suppose c + 47 = s*c + 5*i, -l = -i. What is the units digit of c?
1
Let n(y) = 1 + 10*y - 67*y**3 - y**2 + 8*y - 17*y. What is the units digit of n(-1)?
6
Let b be ((-7)/((-35)/52))/(2/10). What is the tens digit of 3770/b + (1 - (-2)/(-4))?
7
Let x be (2/(-8) - (-209)/(-44))/(-1). Suppose x*k - 240 = -k. What is the tens digit of k?
4
Let a(q) = -2*q. Let v be a(-1). Let r = -4 - v. What is the units digit of 6*(-1)/4*r?
9
Let v(t) = -12*t + 1. Let p be v(-1). Suppose 2*x + 3*o = p, -2*x + 0*x + 3*o + 7 = 0. What is the units digit of x?
5
Let b be 135/60*8/6. Let l = b + 4. What is the units digit of l?
7
What is the units digit of 2*((-14165)/(-10) + -6)?
1
Suppose -5 = -2*b + 3*b, -3*b = -3*o - 1245. Let i = -248 - o. What is the hundreds digit of i?
1
Let x(w) = 175*w**2 - 3*w + 14. What is the hundreds digit of x(3)?
5
Let m(v) = 298*v + 78. What is the tens digit of m(19)?
4
Let x(u) = -38*u - 62. What is the units digit of x(-11)?
6
Suppose -3*i + 3*s + 3210 = 0, 5*i - 30*s + 29*s = 5358. What is the thousands digit of i?
1
Suppose -9*x - 1533 + 12189 = 0. What is the tens digit of x?
8
Suppose -o = -5*g - 1530 + 4733, -1277 = -2*g - o. What is the tens digit of g?
4
Let c = 13 - 8. Suppose 15 = c*u - 0. Suppose 12 = 4*t, -l - 5*t + 33 = -u*t. What is the units digit of l?
7
What is the hundreds digit of 3128/(-2)*(-23)/46?
7
Let h(g) = -133*g - 335. What is the units digit of h(-8)?
9
Suppose -4*w = -l, -2*w = 2*l - 5*w - 5. What is the units digit of l?
4
Let d = 523 + 117. What is the units digit of d?
0
Suppose 4*c + 6*y - 2688 = 2*y, -5*c + 5*y + 3370 = 0. What is the tens digit of c?
7
Let s(r) = 57*r + 6. Let b be s(-2). Let o = 25 - b. What is the units digit of o?
3
Let x(t) = t**3 - 3*t**2 + t - 4. Let f be x(3). Let w(o) = 67*o**2 - 2*o - 1. What is the units digit of w(f)?
8
Let c be 24*((-278)/6 + 3). What is the units digit of 1/3 + c/(-30)?
5
What is the hundreds digit of (3 + -2 - 6)/(3/(-1686))?
8
Let i = 3722 + -1953. What is the thousands digit of i?
1
Suppose -5*m + 8815 = -5*k, 8*m + 8827 = 13*m - 2*k. What is the thousands digit of m?
1
Suppose 0 = -2*o + 4*w + 4, -2*o + 2 - 6 = 4*w. Suppose -5*l + o*l + 19 = 4*h, 1 = h + 2*l. Suppose h = -3*f + 50. What is the tens digit of f?
1
Suppose -2 = -2*v, -a + 0*a = -5*v - 100. What is the hundreds digit of a?
1
Let p(a) = 9*a**3 + 9*a**3 - 4*a**3 - 3*a**2 + 3*a - 2*a**3 - 2. What is the units digit of p(2)?
8
Let f(a) = a - 10. Let d be f(10). Suppose 2*r - r = d. What is the tens digit of (-2 - r)/(-2)*10?
1
Let g(u) = 2*u + 8. Let p be g(-3). Suppose -4*d = p*d - 474. What is the units digit of d?
9
Let h = 352 + -152. Suppose 0 = 2*c - 6*n + n + h, -c - 106 = -n. Let d = -72 - c. What is the units digit of d?
8
Suppose -k - 4*f + 14 + 155 = 0, 2*k - 2*f - 338 = 0. Let b = -2 + k. What is the hundreds digit of b?
1
Let a(s) = -4*s**2 + 67*s - 35. Let i(g) = 2*g**2 - 34*g + 17. Let b(c) = 4*a(c) + 7*i(c). What is the units digit of b(13)?
1
Suppose 0 = 5*w - 2*w + 5*b - 7410, 4*w - 4*b - 9912 = 0. What is the units digit of w?
5
Let u(h) = -23*h**3 - 3*h**2 + 2*h. Let k be u(1). Let f(x) = -x**2 - 28*x + 11. What is the units digit of f(k)?
7
Let s(d) be the third derivative of d**6/120 - d**5/5 - 11*d**4/12 + 35*d**3/6 - 14*d**2. What is the hundreds digit of s(14)?
1
Let a be ((-9)/2)/(1/(-82)). Suppose 4*n - 488 = -4*k, -3*k + 0*k - 2*n + a = 0. Suppose -8*b = -3*b - k. What is the units digit of b?
5
Suppose -5*k + 675 = 265. Let i be ((-2)/(-5))/((-3)/315). Let g = i + k. What is the units digit of g?
0
Let o(z) = 4*z**2 - 2*z - 30. What is the units digit of o(-4)?
2
Suppose -5*d + 150 + 472 = 3*u, 2*u - 4*d = 400. Suppose 0 = -3*z + u + 117. What is the hundreds digit of z?
1
Suppose -6*m = -1274 - 1816. What is the units digit of m?
5
Suppose -297*a + 284*a + 351 = 0. What is the tens digit of a?
2
Let y(l) = -2*l. Let b be y(-7). Let z = b - 11. Suppose 35 = 2*i + z*i. What is the units digit of i?
7
Let s = 5165 + -2277. What is the tens digit of s?
8
Suppose -11*w + 7*w = 0. Let b(q) = 2*q**3 + 91. What is the units digit of b(w)?
1
Let m be (-2)/3 + 114/9. Suppose 2*k + 2*k + m = 0. Let x(j) = -j + 4. What is the units digit of x(k)?
7
Let o be 20*3*((-6)/3 - -11). Suppose o = 8*l - 292. What is the tens digit of l?
0
Let q be -4 + (-4)/(-12)*0. Let l be q/18 - (-13783)/99. Suppose 2*c - c = -4*a + l, -a + 2*c + 46 = 0. What is the tens digit of a?
3
Let t(g) = -g - 5. Let r be t(-9). Suppose r*z + 408 = 4*q, 0 = 3*q - 5*z - 270 - 32. What is the tens digit of q?
0
Let n be 2/2 - 0 - (-6 - -5). Let t(d) = 144*d - 6. What is the tens digit of t(n)?
8
Let c(n) = -1820*n + 36. What is the hundreds digit of c(-1)?
8
Suppose 2*o + 1 = 3*m, -4*o + 19 = -0*m + m. Suppose -2*z + m*z = -21. What is the tens digit of 3/z + (-99)/(-7)?
1
Let b(m) = -11*m**3 + 24*m**2 + 8*m - 6. Let d(g) = -4*g**3 + 8*g**2 + 3*g - 2. Let z(a) = -6*b(a) + 17*d(a). What is the units digit of z(-5)?
7
Let b = 4 - 0. Let y(n) 